.
7
Let p be (-2 - 6/(-3)) + 2. Suppose 156 = p*m - 6. Calculate the greatest common divisor of 9 and m.
9
Suppose 0 = -4*u + o + 125, 2*u - 94 + 14 = 4*o. Let c(p) = 2*p + 1. Let s be c(4). Let n = 15 - s. What is the highest common factor of u and n?
6
Let l be (-2)/5 + (-21)/(-15). What is the highest common divisor of l and 2?
1
Suppose 2*v - 182 - 158 = 0. Let j = -3 - -20. What is the greatest common factor of v and j?
17
Let c = -9 + -1. Let s(v) = v**3 + 10*v**2 - 3*v - 3. Let d be s(c). What is the highest common divisor of d and 3?
3
Let z = 1 - 1. Let i be -2 + z + (0 - -2). Let t be 3*1 - (1 + i). What is the highest common factor of 1 and t?
1
Suppose 4*q - 2*q - 24 = 0. Let m = 10 + -16. Let j = q + m. Calculate the highest common factor of 12 and j.
6
Let q be (6/12)/(2/72). What is the greatest common divisor of 126 and q?
18
Suppose -4 = -5*y + 4*y. Suppose -2 + 62 = y*k. What is the highest common factor of 15 and k?
15
Let v = -15 - -22. Calculate the highest common divisor of 14 and v.
7
Let k = -29 - -33. What is the greatest common divisor of k and 12?
4
Let d be (-1)/(((-5)/(-2))/5). Let j(x) = -x**3 + x**2 + x. Let n be j(d). Calculate the greatest common divisor of 25 and n.
5
Suppose x - 145 = -q - x, 2*q - 3*x - 283 = 0. Calculate the highest common divisor of q and 13.
13
Let t be 1*2 - (2 + -3). Suppose 0*p = 5*p - 2*w - 131, 4*p - 5*w - 98 = 0. Calculate the highest common divisor of t and p.
3
Suppose -z = -4 - 21. Calculate the greatest common divisor of 25 and z.
25
Suppose -i + 10 = 4*i. Calculate the greatest common factor of 10 and i.
2
Let t(f) = f**3 + 13*f**2 + 11*f - 11. Let g be t(-11). Calculate the greatest common factor of g and 44.
22
Let m(k) = -5*k**3 + 2*k**2 + 8*k + 7. Let s be m(-1). Let g = -11 - -65. Calculate the highest common factor of g and s.
6
Suppose 0 = f + z - 43, 0*f - 5*z = -3*f + 105. Calculate the greatest common divisor of 80 and f.
40
Suppose -3*m = 178 + 5. Let b = m + 42. Let j = -9 - b. What is the greatest common factor of j and 15?
5
Let o = 33 - 27. Calculate the greatest common factor of 4 and o.
2
Let x = 1 + -2. Let g(u) = -8*u - 1. Let s be g(x). What is the greatest common divisor of s and 35?
7
Let w = 33 - 15. Calculate the greatest common divisor of w and 18.
18
Suppose 0 = -p - 3*z - 2*z + 14, 28 = 5*p + 4*z. Let w = 2 - p. Let l = 4 + w. Calculate the greatest common factor of 1 and l.
1
Let p(h) = -h**2 + 12*h - 6. Let u be p(8). What is the greatest common divisor of u and 39?
13
Suppose -z + 3*z = 10. Let g be 39/12 + 1/(-4). Suppose l - z = g. What is the highest common divisor of 1 and l?
1
Suppose -5*o + 4*j + 0*j = -23, 4*o = 3*j + 18. Suppose -o*p = 4*m + p - 16, -3*p = 2*m - 9. What is the greatest common factor of 33 and m?
3
Suppose -19*f + 206 = -136. Calculate the greatest common divisor of f and 72.
18
Suppose -4*t + 584 = -0*t. Let o = 370 - t. What is the greatest common factor of o and 28?
28
Suppose 3*z - 38 = -3*h + 43, 2*z = 4*h + 24. What is the greatest common divisor of z and 11?
11
Let k = 21 - 29. Let y(f) = -10*f - 10. Let u be y(k). What is the highest common factor of u and 28?
14
Let y = 21 - 20. Let f = -11 + 18. Calculate the highest common factor of y and f.
1
Suppose -4*z + 56 = 2*x + 2*x, -5*z + 4*x + 34 = 0. Calculate the greatest common divisor of 30 and z.
10
Let t = 2 - -1. Suppose t*b + b - 8 = 0. Let j = -9 + 31. What is the greatest common factor of j and b?
2
Let o(g) = 2*g - 3. Let i be o(3). Let d be 30/4*(-8)/(-10). What is the greatest common divisor of i and d?
3
Suppose 0 = 2*f + f - 93. Calculate the greatest common factor of f and 217.
31
Let l(b) = -b**3 + 7*b**2 - 5*b - 4. Let s be l(6). Suppose 11 = h + s. Let x(y) = -y + 72. Let t be x(0). Calculate the greatest common factor of t and h.
9
Suppose 6 = 2*o - 0*o. Suppose -3*c + 106 = 4*s, -c = -o*c + 4. Calculate the highest common divisor of 10 and s.
5
Suppose 2*k = -2*k + 252. Let o be ((-3)/(-9))/(3/k). Let i = 113 + -50. What is the greatest common divisor of o and i?
7
Let x be (1 + -31)*28/(-6). Suppose 4*o + 29 = 141. What is the highest common factor of o and x?
28
Let r = 156 + -104. Suppose -h + 3*l = -4, -h + 4*l = 4*h - 53. Calculate the highest common factor of r and h.
13
Suppose -b = -3*f + 3*b - 33, -2*f = 4*b + 2. Let z be 2/7 - (-65)/f. Let l(t) = t**2 + 8*t - 4. Let g be l(z). What is the greatest common factor of g and 40?
5
Let p = 31 + -23. What is the highest common factor of p and 8?
8
Let x = -2 + 20. What is the greatest common factor of x and 2?
2
Suppose 0 = d - 4 - 4. Suppose 216 = 4*t - 2*s, 14 = -3*t + 5*s + 162. What is the greatest common factor of d and t?
8
Suppose -v - 3*w = -197, -5*v - w = -0*v - 971. Let o(z) = -z**2 - 73 + 2*z**2 + v. Let u be o(0). What is the greatest common factor of 11 and u?
11
Let p(x) = -12*x - 1. Let d be p(-1). Suppose 0 = 3*a + 4*i - 313, 2*a + 42 = i + 236. What is the greatest common divisor of d and a?
11
Let s(g) = g**3 + 10*g**2 + 10*g + 11. Suppose 2*h + 9 = h. Let a be s(h). Suppose a*q + 3 = 23. What is the highest common factor of 20 and q?
10
Let w be ((-8)/2)/(-4) - -4. Suppose 6*u = 13 + w. What is the highest common factor of 3 and u?
3
Let n be (45/2)/(15/20). Calculate the greatest common factor of n and 75.
15
Let c be (-6)/(-15) - 414/(-15). What is the highest common factor of 4 and c?
4
Suppose -6*k + 68 = -2*k. What is the greatest common factor of k and 85?
17
Let d(m) = 14*m - 16. Let v be d(12). What is the highest common factor of 19 and v?
19
Suppose 10*w - 3*o = 5*w, o - 5 = 0. Calculate the greatest common factor of w and 24.
3
Let q(c) = 2*c**2 + 8*c + 15. Let b be q(-10). What is the greatest common factor of b and 27?
27
Let i = 1 - -1. Let n(c) = 2*c**3 - c**2 - c - 2. Let y be n(i). Calculate the highest common divisor of 64 and y.
8
Let o = -36 + 90. Suppose z = 3*n - 46, 0*n - 3*n + 3*z + o = 0. Calculate the greatest common factor of 98 and n.
14
Let x = 24 - 48. Let b = -14 - x. Calculate the greatest common factor of b and 110.
10
Let i(y) = 13*y**2 - 7 - 5 - 4*y**2 - y**3 - 8*y + 3*y**2. Let a be i(11). What is the highest common factor of a and 7?
7
Suppose 0 = -3*z + 5*l, 0 = -3*z + 2*l - 2 + 11. Suppose -z*k = s - 2*s + 34, -3*k = -4*s + 85. What is the highest common factor of 76 and s?
19
Suppose 2*r - 14 = -3*o, 3*o + 8 = 5*r - 6. Suppose -3*f + 0*f = -132. What is the highest common factor of f and r?
4
Let b(c) = 29*c**3 - c**2 - 2*c + 2. Let r be b(1). Calculate the highest common divisor of r and 196.
28
Suppose 18 = 3*k - 0*k. Calculate the greatest common factor of k and 24.
6
Let p(q) = -5 + 2*q**2 + 2 - q**3 + 10 + 4*q**2. Let t be p(6). Calculate the greatest common divisor of 35 and t.
7
Suppose -7*m + 105 = -371. What is the highest common divisor of m and 102?
34
Suppose -2*h = -h - 3. Let i be 0 + 16 - 0/h. Calculate the highest common divisor of 48 and i.
16
Suppose 391 = b + 3*b - 5*f, -4*f = -20. Calculate the greatest common divisor of 13 and b.
13
Suppose -146*r + 148*r - 112 = 0. Suppose 5*b - 2*d - 38 = 0, -3*b - d - 39 = -8*b. Calculate the highest common divisor of r and b.
8
Let t = -54 + 94. Calculate the highest common factor of t and 30.
10
Let b = 21 - 9. What is the greatest common factor of b and 36?
12
Let b be 6/4 - (66/12 - 5). Let n = -2 + 3. What is the highest common factor of n and b?
1
Let y be 13*((-4)/(-3) - (-7)/(-21)). Calculate the greatest common factor of 156 and y.
13
Let z be ((-2)/(-2) - -3)/2. Let w(f) = f**3 - 6*f**2 + 6*f - 2. Let p be w(4). Let u = z - p. Calculate the highest common factor of u and 108.
12
Suppose 3*f = 5*v + 141, -2*f + 4*f - 58 = 2*v. Let q be (-34)/(-3) - (-9)/v. Calculate the greatest common factor of q and 11.
11
Let g = 0 - 0. Suppose -h = -2*o - 14 - g, 3*h + 4*o = 42. Suppose 10*p - 175 = 5*p. Calculate the greatest common factor of h and p.
7
Let u = -29 + -4. Let q = 58 + u. What is the greatest common divisor of q and 5?
5
Let c(q) = -9*q + 5. Let p be c(-8). Calculate the greatest common divisor of 7 and p.
7
Let a = -15 - -33. Let f(d) = d**3 + 2*d + 2. Let i be f(0). Calculate the highest common divisor of i and a.
2
Suppose -5*l = -201 - 139. Let y = l + -35. Wha